-4*z - 4*v - 20 = -5*v, 0 = z - v + 5. Let n(x) = x**3 + 6*x**2 + 5*x - 3. What is n(z)?
-3
Let q(m) = 2*m + 3. Let n(v) = v**3 - 2*v - 2. Let w be n(-2). Let h = w + 10. Suppose -h*r + 5*t - 6 - 2 = 0, -3*t = -5*r + 3. Give q(r).
9
Let x be -3*(-3)/(18/(-4)). Let q(s) be the third derivative of -s**5/60 + s**4/12 + s**3/3 + s**2. Let w(j) be the first derivative of q(j). What is w(x)?
6
Let f(m) = -2*m**3 - 6*m**2 + 10*m + 6. Let o(v) = v**3 + 3*v**2 - 5*v - 3. Let w(y) = 4*f(y) + 7*o(y). Give w(-4).
-1
Let o(x) = -x**2 - 8*x - 6. Suppose -2*k - 20 = -3*j, 0*j = 3*j - 4*k - 22. Let u be (-8)/1 + j + -3. What is o(u)?
9
Let m(w) = -w**3 + 5*w**2 + 6*w - 6. Suppose -5*h + 3*d = -39, -4*h = d + 4*d - 9. Determine m(h).
-6
Let b(y) = -17*y. Let h be (-14)/(-18) - 2/(-9). Give b(h).
-17
Let j(n) = -n**3 - 4*n**2 + n + 4. Let v be j(-4). Let w be 42/(-24) + 6/8. Let g(b) = 3*b + 4. Let y(z) = -z. Let p(a) = w*g(a) - 2*y(a). Calculate p(v).
-4
Suppose -25 = 2*r - 7*r. Let d(x) = 6*x**2 + 3 + 2*x**2 + 4*x - 9*x**2. What is d(r)?
-2
Let x = -83 + 70. Let u(y) = -y - 18. What is u(x)?
-5
Let r(t) = -10*t**3 + 2*t**2 + 3. Let m(q) = 11*q**3 - 2*q**2 - q - 4. Let g(x) = 2*m(x) + 3*r(x). Suppose 3*b = -3*f, 2*f + 3 - 2 = -3*b. Give g(f).
-7
Let c(s) = 6*s - 1. Suppose f + 5 - 22 = -4*u, 2*f = -2*u + 10. Determine c(f).
5
Let a(u) be the first derivative of -u**2/2 + u + 3. What is a(0)?
1
Let c(f) be the third derivative of f**6/120 - f**5/12 - 5*f**4/24 + 7*f**3/6 - 37*f**2. Calculate c(6).
13
Let l(n) = 3*n - 1. Let k = -12 - 2. Let g = -11 - k. Calculate l(g).
8
Let s(n) = n**3 + 12*n**2 + 10*n - 12. Let z be s(-11). Let p = -2 + 4. Let h(a) = -p*a + 5*a - 8*a**2 - 2*a. Calculate h(z).
-9
Let x(a) be the first derivative of -6 - 1/2*a**4 + a**3 + 3*a - a**2. Suppose -5 = 5*t - 3*j, -t + 6*t = j + 5. What is x(t)?
-5
Let c be (12 - 8)*17/2. Let g(j) = 2*j - 3 + 2*j + 35*j**2 - c*j**2. Give g(-3).
-6
Suppose 4*k + 9 = -3. Let f(a) = 0*a - 2*a + a + 3*a. Determine f(k).
-6
Let t(o) = o**2 + 7*o + 6. Let b be 77*(-2)/30 + 4/30. Give t(b).
-4
Let b(w) = -3*w - 3. Let j = -13 - -8. Let x = j + 3. Give b(x).
3
Let r(n) be the third derivative of -5*n**4/8 + 7*n**3/3 + 2*n**2. Let q(d) = -5*d + 5. Let a(u) = -11*q(u) + 4*r(u). What is a(-1)?
6
Suppose -3*r + 6 = -4*j, -r + 15 = -5*j + 2. Let w(d) = -d**3 - 4*d**2 - 3*d - 1. Give w(r).
-3
Let i be (-3)/(-15) - (-24)/30. Let k(j) = -3*j + 1. Calculate k(i).
-2
Let s(m) = 3*m**2 - 1. Let g be -5 + (1 - 2 - -3). Suppose 6*f - 2*f = 20. Let x = f + g. Calculate s(x).
11
Suppose -5*t - 28 + 2 = 2*h, h = 3*t + 9. Let m be 2*(h - -5)/(-2). Let q(b) = 0*b**2 - b**3 + 0*b + 4*b - 2*b**2 + 3. What is q(m)?
-5
Suppose 2*s = 6*s - 8. Let g(u) = u - 1. Determine g(s).
1
Suppose -17 = 3*k + 4*b, 0 = 3*k + k + 5*b + 21. Let s(t) be the first derivative of 5*t**4/4 + t**3/3 - t**2 + t + 1. What is s(k)?
5
Let n(w) = -w**2 + 6*w + 2. Suppose -r - 1 = 0, -5*r + 6 = 4*v - 3*r. Let d be -1 + 0/(v + -4). Let t be (-9)/(-1) - (2 - d). Calculate n(t).
2
Let b = -1 + 18. Let y(t) = t + 16 + t - b. What is y(-1)?
-3
Let u(s) = 5*s - 2*s + 7 - 2 - 12. Determine u(5).
8
Let o(t) = 5 + 3*t**3 + 4*t + 19*t**2 - 4*t**3 - 14*t**2. What is o(6)?
-7
Let v(s) = s**3 + s**2 - 3. Let i = -16 + 16. What is v(i)?
-3
Suppose 21 = 5*f - 4. Suppose -u - u + 5*r + 15 = 0, -4*u - 45 = f*r. Let p(x) = -9*x + 14. Let q(z) = -14*z + 21. Let y(c) = u*q(c) + 8*p(c). Determine y(5).
-3
Suppose -7*s - s - 24 = 0. Let y(o) be the third derivative of -o**4/24 - o**2. Give y(s).
3
Let f(p) = -p**3 - 8*p**3 - 5*p + 4 + 4*p**2 + 7*p**3 + p**3. Give f(4).
-16
Let c(i) = 10*i + 39. Let o be c(-4). Let v(u) = 5*u**3 - u**2 - u. What is v(o)?
-5
Let n(s) = 6*s + 8 - 19*s + 14*s. Determine n(-6).
2
Let m be 1/2 - 7/(-2). Suppose k - m = -3*k. Let u(x) = 4*x + 1. Give u(k).
5
Let b(k) = 6*k - 1. Let q be b(1). Let a(h) = -1 + 4*h**2 - 3 + 5*h + 5 - q*h**2. Let s be (-3)/((-6)/(-4))*-2. What is a(s)?
5
Let h(l) = -l**3 + 3*l + 1. Suppose -n + 13 = -2*d, 2*n - 2*d = -n + 19. Suppose 4 + 2 = n*g. Suppose -2*u - g = 2. Determine h(u).
3
Let b(y) = -2*y**3 + 0*y + y + y**2 - 2*y**3. Let j be b(-1). Let q(u) = -5 - u + 2 + 7 + 3. Calculate q(j).
3
Suppose 2*f = -6*c + c, -4*c + 5*f = -33. Let u(b) = 24045 - b**2 - 24045. Give u(c).
-4
Suppose 3*n + 15 = -2*k - k, 2*k + 14 = -3*n. Let b(r) = 14*r - 10*r - 3 - 10*r - 3 - r**2. Determine b(n).
2
Suppose 0 = -4*w - w - 3*y + 6, 10 = 3*w + 5*y. Let g(u) = u**2 + 5*u - 10. Let a(m) = -m + 1. Let p(j) = 6*a(j) + g(j). What is p(w)?
-4
Let v(y) = 2*y + 3. Let n(w) = -1. Let u(m) = -4*n(m) - v(m). Give u(-3).
7
Let w be 1 - (-3 + (4 - 2)). Let p(n) = 0*n**w - n + n**2 + 5*n**2. Let q(u) = u + 4. Let l be q(-3). Determine p(l).
5
Let x(o) be the second derivative of -o**7/2520 - o**6/180 - o**5/120 - o**4/6 + o. Let u(l) be the third derivative of x(l). Give u(-3).
2
Let p(k) = 3*k + 18. Let g(q) = q + 1. Let y(v) = v**3 + 8*v**2 - 9*v - 1. Let u be y(-9). Let j(f) = u*p(f) + 4*g(f). Calculate j(6).
-8
Let w(t) = -2*t - 9. Let i = 9 + -15. Determine w(i).
3
Let a(z) be the third derivative of z**4/2 - z**3/6 - 2*z**2. Suppose 0 = -3*t + 4*i + 23, -2*i - 12 = -2*t - 0*t. Calculate a(t).
11
Let v(x) = x + 2. Let y be 41/(-3) - 4/(-6). Let h = y - -18. Determine v(h).
7
Let u(f) = 11*f**2 - 16*f + 5. Let l(i) = -5*i**2 + 8*i - 3. Let t(h) = -9*l(h) - 4*u(h). Let b be -4*(3/(-2) - 0). What is t(b)?
-5
Suppose -2*v + 0 = -2*m - 4, 3*v = -m + 14. Let f(q) = 3*q**2 - 3*q**2 + 1 - q**m. Give f(1).
0
Let u(x) be the second derivative of x**3/6 + 3*x**2/2 + 42*x. What is u(9)?
12
Let g be 50/18 + (-4)/(-18). Let y(v) = v + 3 + 1 + 0 + g. Let c = 11 - 15. Give y(c).
3
Let h be -3 + 1 + (-12)/(-1). Suppose -4*d + 6 = -h. Let y = -9 + d. Let i(f) = f**3 + 5*f**2 + f + 4. Determine i(y).
-1
Let z(f) be the second derivative of -1/20*f**5 + 0*f**4 + 0 - 4*f + 6*f**2 + 0*f**3. What is z(0)?
12
Let g(u) = 2*u. Let j(l) = l**3 - 4*l**2 - 5*l + 3. Let b be j(5). Let h = -6 + b. Determine g(h).
-6
Let t be -3 + 6 - 1*-4. Let f = -8 + t. Let n(b) = 5*b**2 - 1. Calculate n(f).
4
Let z be 0 + (-9)/(-3) - 9. Let l(q) = -q**2 - 9*q + 11. Let x(g) = g**2 + 4*g - 5. Let f(s) = z*l(s) - 13*x(s). Calculate f(1).
-6
Let f(g) = g**2 - 13. Let i be 0*5*(-4)/(-40). Calculate f(i).
-13
Let c(u) = u**3 + u**2 - 1. Let a(y) = -5*y**3 - 11*y**2 + 9*y + 8. Let h(o) = a(o) + 4*c(o). Calculate h(-8).
-4
Let r(o) = -o**2 - o. Let d(n) = n**2 + n + 3. Let g be d(0). Let y = -9 + g. Let v = y + 5. Calculate r(v).
0
Let k(a) = 4 - 5*a**2 - a - 8 + 5 - a**2. Give k(1).
-6
Let c(g) = -g**2. Suppose 7 = 3*i - 11. Suppose 0 = -f + 5*z + 33 - i, 4*z + 12 = -4*f. Calculate c(f).
-4
Let p(j) be the first derivative of j**3/3 + 2*j**2 - 6*j - 21. Suppose 0 = -g + 2*f + 1, 2 = -f - 1. Calculate p(g).
-1
Let w(d) = -4*d - 2. Suppose j = 4*a - 17, -a = -j - 4*j + 10. Determine w(j).
-14
Let n(l) = l - 8. Let h(q) = -q**3 + 6*q**2 - 4*q - 1. Let r be h(5). Suppose 0*i = i - r. Calculate n(i).
-4
Suppose -32*h + 33*h + 4 = 0. Let b(p) = p + 5. Determine b(h).
1
Let x = 87 + -86. Let z(c) = -23*c**2 + 2*c - 1. Calculate z(x).
-22
Let t(h) = h**2 + h + 3. Let w be t(0). Let s(l) = -3 - 4 + 3 + 4*l. Determine s(w).
8
Suppose 2*o + w - 6 = 0, o + w + 3*w - 10 = 0. Let m(t) = 6*t + 5*t**2 - 1 - o*t**2 - 5*t. What is m(1)?
3
Let b(n) = -n - 3. Suppose 2*p - 9 = 5*o, -3*p - o - 15 = p. Let l be b(p). Let d(x) be the first derivative of x**2/2 - 5*x - 3. What is d(l)?
-5
Let g(j) = j + 4. Let i be g(4). Let m(q) = -q**2 + 8*q + 5. Determine m(i).
5
Let t(q) = 2*q**2 + 2*q. Let x(s) = s**2 - 15*s - 14. Let m be x(16). Calculate t(m).
12
Let i(o) = 6*o**3 + o**2. Let w be ((-4)/8)/((-2)/(-12)). Let j be 2/9 - (-20)/(-9). Let v = w - j. What is i(v)?
-5
Let b(q) = -7*q**3 - 11*q**2 + 1. Let w(r) = 6*r**3 + 10*r**2. Let l(a) = -5*b(a) - 6*w(a). What is l(-5)?
-5
Let x(p) = -p + 5. Suppose -3*t = -0 + 15. Let i be (-3)/9*-3 - t. Calculate x(i).
-1
Let s(u) = 4*u**3 - u**2 + u - 1. Suppose h + 0 = 1. Let t be s(h). Let y(r) = -r + 2. Calculate y(t).
-1
Let f(q) be the third derivative of q**7/1008 - q**6/360 - q**5/12 + 7*q**2. Let o(n) be the third derivative of f(n). Calculate o(-2).
-12
Suppose 5*t